 15).
-8
2 + 0 + 4 + -8
-2
Evaluate -3 + (0 + 3 - 2).
-2
What is -7 + (-5 + 0 + 10 - -7)?
5
7 + (-5 - (5 - (-8 + 12)))
1
Calculate -6 + -2 - (2 - 4).
-6
1 - (-4 - (-1 - 1) - 6)
9
Calculate 0 - 5 - (1 + 1 + -5).
-2
What is 73 + -75 - (1 + -1 + 3)?
-5
What is the value of 3 - (4 + -4 + 6) - -7?
4
Calculate -7 - (-13 - -2) - (0 + 6).
-2
-11 + 3 + 6 + (-1 - -1)
-2
What is the value of -6 + (-3 + 7 - 2)?
-4
Evaluate (-1 - 5) + (-28 + 12 - -12).
-10
-7 + -8 + 5 + 5
-5
What is the value of -7 + 2 - (-7 + 8)?
-6
What is the value of (4 - 1) + (-46 - -44) - -3?
4
-5 - (-1 - -1 - 4)
-1
Evaluate 6 - -1 - ((-13 - -33) + -11).
-2
Evaluate -1 + (1 - 0 - 2).
-2
What is 2 + -2 + 5 - 8 - -6?
3
Calculate -1 + (4 - 20 - -10).
-7
Calculate 4 + 1 - (-2 + 5).
2
What is 15 - 6 - ((-5 - -1) + 4)?
9
What is -1 + 0 + 10 + -3 - 7?
-1
Calculate (0 - 9) + -4 + 11 + -3.
-5
Evaluate 2 + (-5 + 10 - (-1 - -4)).
4
Calculate -1 - (-8 + 7 - 7).
7
What is 13 + -6 + -5 - 6?
-4
Calculate 5 - (-5 + 4 + 1).
5
Calculate -6 + (-3 - (-3 + 0)) - -4.
-2
Evaluate -3 - (2 + 4 + -4).
-5
What is 7 + (8 - 5 - (8 + 2))?
0
(3 - (1 + 9)) + 0
-7
2 + -2 + 6 - 14 - 0
-8
What is -3 + 1 + (-2 - -3)?
-1
What is the value of 0 - (-3 - (3 + -4 + 2))?
4
What is the value of -5 - ((11 - 5 - -1) + -6)?
-6
Calculate 3 + -6 - -4 - 0.
1
What is -9 - -1 - (1 - (22 - 13))?
0
Calculate -6 + (-1 - -11 - 5) - -4.
3
What is the value of -7 - ((-2 - 4 - -4) + 0)?
-5
168 - 155 - (19 + 0)
-6
What is the value of 13 - 16 - -11 - 9?
-1
What is the value of -10 - (-9 + 7) - -4?
-4
What is the value of (-11 - (4 - 15)) + -3?
-3
What is the value of 6 + (-6 - 2) + 2 - -1?
1
What is 4 + (-2 - (-1 - -6 - 5))?
2
What is -11 + 1 + 4 + (-25 - -27)?
-4
Calculate (-1 - -1) + 3 + -3 - 0.
0
What is (5 - 11 - -4) + 0?
-2
Calculate 0 - ((-3 - -5) + -3).
1
What is the value of -13 + (13 - (2 + -4))?
2
What is -6 + 17 + -7 + -4?
0
Calculate -1 - (-4 - -1 - -6) - -4.
0
Evaluate 4 + -1 + (2 - (3 + -1)).
3
Evaluate 9 - 2 - (-83 + 92).
-2
Evaluate -4 - 1 - ((-7 - -8) + -9).
3
Calculate -10 - (6 + -6 - 6).
-4
What is the value of 0 + (4 + -7 + 5 - -1)?
3
What is -5 + (-2 + (-3 - -3) - -2)?
-5
What is the value of -7 + 0 - (3 - (3 + -2))?
-9
What is -33 + 36 - (4 + 1 + 0)?
-2
Evaluate 4 - -1 - (6 - -4).
-5
What is the value of -5 + 15 + -19 - -3?
-6
What is -3 + 1 + -2 + (-12 - -14)?
-2
(3 - (-1 + 2 + -4)) + -1
5
Calculate 4 + -3 + 6 + -6.
1
What is the value of (4 - 1) + -1 - (0 - -4)?
-2
-1 - -6 - (-6 + 9)
2
What is the value of 0 + 1 + 0 - 5?
-4
Evaluate -5 + 15 + -2 + -3.
5
Evaluate (2 - 9) + (3 + -2 - -15).
9
Evaluate (1 - 2) + -1 - (-3 - 0).
1
-4 + 4 - (1 + 7 + -1)
-7
Calculate 5 + 0 - (11 + -13).
7
Evaluate -3 - (-13 - 10 - -11).
9
What is -9 - 1 - (-10 + (16 - 13))?
-3
Evaluate 0 + 0 + -5 + 0.
-5
-8 + (-1 - -4) + -3 - -11
3
Evaluate (0 - 2) + 3 + -1.
0
Evaluate -10 - (-2 - 1) - -2.
-5
Evaluate 5 + 5 + -3 + -3 + 0.
4
Evaluate 3 - (5 + -14 - -7).
5
What is the value of 1 + 0 - (10 + -5)?
-4
What is the value of (0 + -6 - -8) + 9 - 5?
6
What is the value of -2 + -1 + 1 + 2?
0
What is the value of 19 + -7 - (18 + -6)?
0
What is the value of 3 + (6 - 10) + 8?
7
-1 - (0 + (-7 + 10 - 10))
6
Evaluate -2 - (1 + 4 + (-9 - -6)).
-4
Evaluate (10 - 19 - -10) + -6.
-5
What is the value of 7 + (-1 - (3 + -3))?
6
What is the value of -6 - (6 - (16 - -1))?
5
What is the value of -4 - (1 - (5 - 7))?
-7
Calculate (4 - -6 - 15) + (5 - -1).
1
What is the value of (1 + -4 - -6) + 1 + 0?
4
What is 19 - 21 - (-7 + 3)?
2
Calculate 66 + -60 + (-1 - 12).
-7
What is -7 + 8 + (-4 - (5 - -2))?
-10
Calculate 9 - (3 + 3 + -2).
5
What is the value of -8 - (-7 + -1 + 35 + -28)?
-7
Evaluate 12 - (-5 - -14) - 6.
-3
What is (1 - 0) + -2 + 1 + 2?
2
Evaluate -12 + (-21 - -28) + (0 - 1).
-6
What is the value of -1 + (-7 - -4) + 6?
2
Calculate -2 + 1 + (9 - 10).
-2
Evaluate (9 - (-3 + 7)) + -1 + -12.
-8
8 + -10 - 0 - 3
-5
Calculate -2 - (-1 + -2 - 6) - 7.
0
Calculate (2 - (-2 + 2 - 2)) + -2.
2
What is -1 + 5 + 9 + -12?
1
What is 3 + -5 + 8 + 0?
6
-70 - -67 - (-5 - (-2 + 0))
0
What is -1 - 0 - (-7 - -1)?
5
What is 4 - -2 - (4 + -1 + 6)?
-3
Evaluate (-1 + 0 - 4) + 17 + -17.
-5
-10 - -13 - (-7 + 7)
3
(-10 - (-8 + 7)) + 8
-1
What is 0 + (-2 - (0 + -4))?
2
Evaluate 0 - (2 + -1 + -1).
0
What is (1 - 7) + 13 + 1 + -2?
6
What is (0 - -1) + -24 + 25 + -9?
-7
Calculate (-2 - 0) + 1 - (6 + -12).
5
-2 - 4 - (0 + -2)
-4
Calculate 23 + -29 - (-15 - -1).
8
What is 4 + (-4 - (-5 + 5))?
0
What is (1 - 13) + (-22 - -29)?
-5
Evaluate -4 + (-14 - (10 + -32)).
4
Evaluate 1 + (4 - 15) + 8.
-2
(2 - 2 - (-21 + 22)) + 8
7
Calculate -1 - (3 + -6) - -3.
5
What is -3 - (2 + (-7 - -3) + 0)?
-1
-111 + 120 - (3 - 0)
6
27 + -26 + (1 - 1) + 1
2
Calculate (3 + -8 + 2 - -5) + 2.
4
Calculate 4 + -10 + -1 + 4 - 2.
-5
What is the value of 1 + 1 - (-11 - (-21 + 9))?
1
50 + -46 + (0 - 8)
-4
-1 + 2 + -5 - (-2 + 1)
-3
Calculate 4 - (-3 + (20 - 8)).
-5
Calculate (3 - (7 - 2)) + -3.
-5
What is the value of 11 + (4 - 7) - (8 - 5)?
5
Calculate -2 - -3 - (9 - 7).
-1
What is 5 - (2 + -4 - (-10 - -6))?
3
What is the value of -6 + (-1 - -1) - -12?
6
Calculate -32 + 31 - (0 + -1 + -2).
2
What is the value of 0 + (4 - ((3 - 2) + 4))?
-1
(-6 + -5 - -7) + 11
7
Calculate -8 + (-9 - -14) + 5.
2
Calculate -10 + (6 - 17) + 11.
-10
What is the value of -8 + (-2 + 1 - -5)?
-4
What is 1 - (-3 + (-1 - 1 - -4))?
2
Calculate (-6 - -3) + 4 + -2.
-1
Calculate 1 + 1 + 3 + -5.
0
Calculate 3 + (-2 - (2 + -3)).
2
(-11 - (-1 - 1)) + 3
-6
What is the value of (3 - (2 - 1)) + (-12 - -7)?
-3
What is the value of -2 + 8 + (-3 - (-2 - -7))?
-2
Calculate 4 + -8 + (4 - (-2 - -1)).
1
-4 + 3 + -2 + 4
1
What is the value of 2 + 0 + (-2 - -7) + -9?
-2
Calculate 5 - (0 - (-2 - (-2 - -3))).
2
Calculate (0 - 2) + (-28 - -30).
0
Calculate 17 - ((-3 - -8) + 6).
6
What is the value of -1 + 4 + -1 + (-47 - -50)?
5
What is -66 + 61 - (0 - 1)?
-4
What is the value of -3 - -4 - (19 + -7 + -6)?
-5
What is (3 - 2) + (-57 - -58)?
2
Evaluate (2 + -1 + 5 - 7) + 10.
9
Calculate 7 - (1 + (6 - 4) + -2).
6
(-4 - -3) + -1 + (1 - -4)
3
What is -4 + 1 - (1 - 2)?
-2
What is the value of 5 + (-1 + -2 - -2) + 1?
5
Evaluate 8 + -16 + 3 + 4.
-1
Evaluate -5 + (-2 - (-1 - 3)) + 1.
-2
Calculate 13 - (-10 + 19) - 4.
0
Calculate -2 + -11 + -12 + 26.
1
-2 - (-1 - (-2 + 1))
-2
What is -4 - (-1 + (-6 - -3 - 0))?
0
What is 3 + (0 - 5) + 8?
6
Calculate (-2 - 1) + 0 + -6 + 5.
-4
Calculate 4 - (5 - 3 - -2 - 0).
0
Evaluate (-1 - -12 - 10) + -5 + 1.
-3
What is the value of 1 - (2 + 1) - 2?
-4
Evaluate -9 - (5 + -8 - 6).
0
What is 2 + 0 + (-5 - 0) - 0?
-3
Evaluate -6 - (-33 - -36 - (2 - -1)).
-6
Calculate (0 - 2) + 8 + -3.
3
Evaluate -1 + 21 + 62 + -74.
8
What is the value of -5 + (5 - (6 - -2)) + 12?
4
Evaluate 7 + 1 + (-5 - -2).
5
What is 3 + (3 - 5) + 2 + -4?
-1
-3 + 8 - ((-7 - -11) + -4)
5
Evaluate -3 + 6 + -2 + -3 - -1.
-1
-1 + (1 - -2) + 2
4
1 + (0 - (-1 - -4)) - -6
4
-5 + 1 + -8 + 10
-2
Calculate -3 + (3 - 4) + (9 - 4).
1
Evaluate (-1 - -5 - -3) + 1 - 0.
8
Evaluate 1 + -6 + -9 + 20.
6
What is (14 - 6) + -2 - 7?
-1
Calculate 0 + -1 + 1 + -2 + 3.
1
What is 9 + -8 - (4 + -1)?
-2
What is 0 + 4 + 1 - 1?
4
What is 10 - (8 - (-7 + 13))?
8
Evaluate 4 + -1 - (-30 - -33).
0
What is the value of 1 + (-3 + 6 - 5) + 3?
2
What is the value of -10 - (3 + -9) - -3?
-1
What is 2 - -2 - (0 + 1 + 0)?
3
What is -1 + 0 + (-15 - -7) + 0?
-9
Evaluate -5 + (9 - (-8 + 9)).
3
Evaluate -4 + 2 - (4 - 5) - -1.
0
What is -2 + -7 + -3 - -11?
-1
Evaluate -3 + 8 + -7 + -2.
-4
0 + -1 + -5 - (91 - 95)
-2
(3 - 10) + 2 + -2 + 5
-2
Calculate -8 - (-16 - (-1 + 2)).
9
11 + -11 + (-1 - 2)
-3
-1 - (3 + 1 + -5 + 3)
-3
Evaluate -3 + 0 + -2 + 2 - -1.
-2
(-3 - 0) + 2 - (2 + 1)
-4
What is 16 + -14 + 14 + -13?
3
What is the value of -3 - 1 - -9 - 9?
-4
1 - (0 - 10) - (4 + 0)
7
What is (8 - 9) + -1 + 1 - 0?
-1
What is the value of 0 - (0 + 4 + -6)?
2
What is the value of (0 - -5) + (-4 - 0)?
1
(0 - -3) + -2 - (-7 - -5)
3
What is the value of 2 + -1 + 2 + (38 - 43)?
-2
Evaluate 7 + (-5 + 6 - 1 - -1).
8
(-2 - (-3 - -1)) + 3
3
Evaluate 4 + (1 - 7) + -1.
-3
Evaluate 1 + (5 - (-5 + 7)).
4
What is the value of 9 + 4 + (-14 - -2) + 4?
5
Calculate -3 + 1 + -4 + 0.
-6
What is the value of -57 + 55 + 0 + (-2 - 0)?
-4
0 + -5 + 3 + -3 + 6
1
Eva